{"id":1368,"date":"2024-11-30T16:45:17","date_gmt":"2024-11-30T15:45:17","guid":{"rendered":"https:\/\/fvsr2.ch\/?post_type=tribe_events&#038;p=1368"},"modified":"2024-12-02T15:04:02","modified_gmt":"2024-12-02T14:04:02","slug":"gv-2023-3","status":"publish","type":"tribe_events","link":"https:\/\/fvsr2.ch\/de\/veranstaltungen\/tourismustagung-2018\/","title":{"rendered":"Tourismustagung 2018"},"content":{"rendered":"<p>[et_pb_section fb_built=&#8220;1&#8243; admin_label=&#8220;section&#8220; _builder_version=&#8220;4.27.3&#8243; custom_margin=&#8220;0px||0px||false|false&#8220; custom_padding=&#8220;0px||0px||false|false&#8220; global_colors_info=&#8220;{}&#8220;][et_pb_row admin_label=&#8220;row&#8220; _builder_version=&#8220;4.27.3&#8243; background_size=&#8220;initial&#8220; background_position=&#8220;top_left&#8220; background_repeat=&#8220;repeat&#8220; custom_margin=&#8220;0px||0px||false|false&#8220; custom_padding=&#8220;0px||0px||false|false&#8220; global_colors_info=&#8220;{}&#8220;][et_pb_column type=&#8220;4_4&#8243; _builder_version=&#8220;4.16&#8243; custom_padding=&#8220;|||&#8220; global_colors_info=&#8220;{}&#8220; custom_padding__hover=&#8220;|||&#8220;][et_pb_text _builder_version=&#8220;4.27.4&#8243; _module_preset=&#8220;default&#8220; width=&#8220;896px&#8220; width_tablet=&#8220;896px&#8220; width_phone=&#8220;896px&#8220; width_last_edited=&#8220;on|desktop&#8220; max_width=&#8220;100%&#8220; module_alignment=&#8220;left&#8220; custom_margin=&#8220;0px||0px||false|false&#8220; custom_padding=&#8220;0px||0px||false|false&#8220; text_font_size_tablet=&#8220;16px&#8220; text_font_size_phone=&#8220;16px&#8220; text_font_size_last_edited=&#8220;on|desktop&#8220; global_colors_info=&#8220;{}&#8220;]<\/p>\n<p>Am 24.3.18 fand in Le Chable eine \u00f6ffentliche Tagung zum Thema: &#8222;Destinationen und Zweitwohungsbesitzer: welche gemeinsame Zukunft?&#8220; statt.<\/p>\n<p>Hier einige Unterlagen \u00fcber dieses Thema:<\/p>\n<p><img loading=\"lazy\" decoding=\"async\" class=\"wp-image-238 alignnone \" src=\"https:\/\/fvsr2.ch\/wp-content\/uploads\/2024\/10\/pdf.svg\" alt=\"Pdf\" width=\"22\" height=\"22\" title=\"Tourismustagung 2018\"> <a href=\"https:\/\/fvsr2.ch\/wp-content\/uploads\/2024\/11\/Flyer-deutsch_2018-Hauptsponsor.pdf\" target=\"_blank\" rel=\"noopener\">Tourismustagung 2018 &#8211; Ausschreibung<\/a><br \/><img loading=\"lazy\" decoding=\"async\" class=\"wp-image-238 alignnone \" src=\"https:\/\/fvsr2.ch\/wp-content\/uploads\/2024\/10\/pdf.svg\" alt=\"Pdf\" width=\"22\" height=\"22\" title=\"Tourismustagung 2018\"> <a href=\"https:\/\/fvsr2.ch\/wp-content\/uploads\/2024\/11\/PV-Protokoll.pdf\" target=\"_blank\" rel=\"noopener\">Tourismustagung 2018 &#8211; Protokolle und Folien<\/a><\/p>\n<p>[\/et_pb_text][\/et_pb_column][\/et_pb_row][\/et_pb_section]<\/p>\n","protected":false},"excerpt":{"rendered":"<p>Am 24.3.18 fand in Le Chable eine \u00f6ffentliche Tagung zum Thema: &#8222;Destinationen und Zweitwohungsbesitzer: welche gemeinsame Zukunft?&#8220; statt.<\/p>\n","protected":false},"author":1,"featured_media":0,"template":"","meta":{"_et_pb_use_builder":"on","_et_pb_old_content":"<p>[et_pb_section fb_built=\"1\" admin_label=\"section\" _builder_version=\"4.27.3\" custom_margin=\"0px||0px||false|false\" custom_padding=\"0px||0px||false|false\" global_colors_info=\"{}\"][et_pb_row admin_label=\"row\" _builder_version=\"4.27.3\" background_size=\"initial\" background_position=\"top_left\" background_repeat=\"repeat\" custom_margin=\"0px||0px||false|false\" custom_padding=\"0px||0px||false|false\" global_colors_info=\"{}\"][et_pb_column type=\"4_4\" _builder_version=\"4.16\" custom_padding=\"|||\" global_colors_info=\"{}\" custom_padding__hover=\"|||\"][et_pb_text _builder_version=\"4.27.4\" _module_preset=\"default\" width=\"896px\" width_tablet=\"896px\" width_phone=\"896px\" width_last_edited=\"on|desktop\" max_width=\"100%\" module_alignment=\"left\" custom_margin=\"0px||0px||false|false\" custom_padding=\"0px||0px||false|false\" text_font_size_tablet=\"16px\" text_font_size_phone=\"16px\" text_font_size_last_edited=\"on|desktop\" global_colors_info=\"{}\"]<\/p><p>L'AGO s'est d\u00e9roul\u00e9 dans la cave Gilliard \u00e0 Sion.<\/p><p><img class=\"wp-image-238 alignnone \" src=\"https:\/\/fvsr2.ch\/wp-content\/uploads\/\/pdf.svg\" alt=\"\" width=\"22\" height=\"22\" \/> <a href=\"https:\/\/fvsr2.ch\/wp-content\/uploads\/2024\/11\/PV_AG_6.5.23_FR.pdf\" target=\"_blank\" rel=\"noopener\">PV de l'AGO<\/a><\/p><p>[\/et_pb_text][\/et_pb_column][\/et_pb_row][\/et_pb_section]<\/p>","_et_gb_content_width":"","_tribe_events_status":"","_tribe_events_status_reason":"","footnotes":""},"tags":[],"tribe_events_cat":[23],"class_list":["post-1368","tribe_events","type-tribe_events","status-publish","hentry","tribe_events_cat-praesidentenkonferenz","cat_praesidentenkonferenz"],"_links":{"self":[{"href":"https:\/\/fvsr2.ch\/de\/wp-json\/wp\/v2\/tribe_events\/1368","targetHints":{"allow":["GET"]}}],"collection":[{"href":"https:\/\/fvsr2.ch\/de\/wp-json\/wp\/v2\/tribe_events"}],"about":[{"href":"https:\/\/fvsr2.ch\/de\/wp-json\/wp\/v2\/types\/tribe_events"}],"author":[{"embeddable":true,"href":"https:\/\/fvsr2.ch\/de\/wp-json\/wp\/v2\/users\/1"}],"version-history":[{"count":4,"href":"https:\/\/fvsr2.ch\/de\/wp-json\/wp\/v2\/tribe_events\/1368\/revisions"}],"predecessor-version":[{"id":1384,"href":"https:\/\/fvsr2.ch\/de\/wp-json\/wp\/v2\/tribe_events\/1368\/revisions\/1384"}],"wp:attachment":[{"href":"https:\/\/fvsr2.ch\/de\/wp-json\/wp\/v2\/media?parent=1368"}],"wp:term":[{"taxonomy":"post_tag","embeddable":true,"href":"https:\/\/fvsr2.ch\/de\/wp-json\/wp\/v2\/tags?post=1368"},{"taxonomy":"tribe_events_cat","embeddable":true,"href":"https:\/\/fvsr2.ch\/de\/wp-json\/wp\/v2\/tribe_events_cat?post=1368"}],"curies":[{"name":"wp","href":"https:\/\/api.w.org\/{rel}","templated":true}]}}

<p>[et_pb_section fb_built=&#8220;1&#8243; admin_label=&#8220;section&#8220; _builder_version=&#8220;4.27.3&#8243; custom_margin=&#8220;0px||0px||false|false&#8220; custom_padding=&#8220;0px||0px||false|false&#8220; global_colors_info=&#8220;{}&#8220;][et_pb_row admin_label=&#8220;row&#8220; _builder_version=&#8220;4.27.3&#8243; background_size=&#8220;initial&#8220; background_position=&#8220;top_left&#8220; background_repeat=&#8220;repeat&#8220; custom_margin=&#8220;0px||0px||false|false&#8220; custom_padding=&#8220;0px||0px||false|false&#8220; global_colors_info=&#8220;{}&#8220;][et_pb_column type=&#8220;4_4&#8243; _builder_version=&#8220;4.16&#8243; custom_padding=&#8220;|||&#8220; global_colors_info=&#8220;{}&#8220; custom_padding__hover=&#8220;|||&#8220;][et_pb_text _builder_version=&#8220;4.27.4&#8243; _module_preset=&#8220;default&#8220; width=&#8220;896px&#8220; width_tablet=&#8220;896px&#8220; width_phone=&#8220;896px&#8220; width_last_edited=&#8220;on|desktop&#8220; max_width=&#8220;100%&#8220; module_alignment=&#8220;left&#8220; custom_margin=&#8220;0px||0px||false|false&#8220; custom_padding=&#8220;0px||0px||false|false&#8220; text_font_size_tablet=&#8220;16px&#8220; text_font_size_phone=&#8220;16px&#8220; text_font_size_last_edited=&#8220;on|desktop&#8220; global_colors_info=&#8220;{}&#8220;]</p>
<p>Am 24.3.18 fand in Le Chable eine öffentliche Tagung zum Thema: &#8222;Destinationen und Zweitwohungsbesitzer: welche gemeinsame Zukunft?&#8220; statt.</p>
<p>Hier einige Unterlagen über dieses Thema:</p>
<p><img loading="lazy" decoding="async" class="wp-image-238 alignnone " src="https://fvsr2.ch/wp-content/uploads/2024/10/pdf.svg" alt="Pdf" width="22" height="22" title="Tourismustagung 2018"> <a href="https://fvsr2.ch/wp-content/uploads/2024/11/Flyer-deutsch_2018-Hauptsponsor.pdf" target="_blank" rel="noopener">Tourismustagung 2018 &#8211; Ausschreibung</a><br /><img loading="lazy" decoding="async" class="wp-image-238 alignnone " src="https://fvsr2.ch/wp-content/uploads/2024/10/pdf.svg" alt="Pdf" width="22" height="22" title="Tourismustagung 2018"> <a href="https://fvsr2.ch/wp-content/uploads/2024/11/PV-Protokoll.pdf" target="_blank" rel="noopener">Tourismustagung 2018 &#8211; Protokolle und Folien</a></p>
<p>[/et_pb_text][/et_pb_column][/et_pb_row][/et_pb_section]</p>

<p>Am 24.3.18 fand in Le Chable eine öffentliche Tagung zum Thema: &#8222;Destinationen und Zweitwohungsbesitzer: welche gemeinsame Zukunft?&#8220; statt.</p>

<p>[et_pb_section fb_built="1" admin_label="section" _builder_version="4.27.3" custom_margin="0px||0px||false|false" custom_padding="0px||0px||false|false" global_colors_info="{}"][et_pb_row admin_label="row" _builder_version="4.27.3" background_size="initial" background_position="top_left" background_repeat="repeat" custom_margin="0px||0px||false|false" custom_padding="0px||0px||false|false" global_colors_info="{}"][et_pb_column type="4_4" _builder_version="4.16" custom_padding="|||" global_colors_info="{}" custom_padding__hover="|||"][et_pb_text _builder_version="4.27.4" _module_preset="default" width="896px" width_tablet="896px" width_phone="896px" width_last_edited="on|desktop" max_width="100%" module_alignment="left" custom_margin="0px||0px||false|false" custom_padding="0px||0px||false|false" text_font_size_tablet="16px" text_font_size_phone="16px" text_font_size_last_edited="on|desktop" global_colors_info="{}"]</p><p>L'AGO s'est déroulé dans la cave Gilliard à Sion.</p><p><img class="wp-image-238 alignnone " src="https://fvsr2.ch/wp-content/uploads//pdf.svg" alt="" width="22" height="22" /> <a href="https://fvsr2.ch/wp-content/uploads/2024/11/PV_AG_6.5.23_FR.pdf" target="_blank" rel="noopener">PV de l'AGO</a></p><p>[/et_pb_text][/et_pb_column][/et_pb_row][/et_pb_section]</p>
